usands digit of 8581667?
1
What is the millions digit of 11183191?
1
What is the units digit of 865240?
0
What is the hundreds digit of 29423322?
3
What is the hundred thousands digit of 185302?
1
What is the hundred thousands digit of 1260089?
2
What is the thousands digit of 174409?
4
What is the tens digit of 201958?
5
What is the units digit of 730088?
8
What is the units digit of 2009191?
1
What is the tens digit of 800400?
0
What is the hundred thousands digit of 247239?
2
What is the hundreds digit of 310880?
8
What is the tens digit of 1135566?
6
What is the units digit of 96439?
9
What is the units digit of 1962671?
1
What is the hundred thousands digit of 657735?
6
What is the ten thousands digit of 13183871?
8
What is the hundreds digit of 472918?
9
What is the units digit of 554160?
0
What is the ten thousands digit of 2641116?
4
What is the hundreds digit of 95595?
5
What is the thousands digit of 133786?
3
What is the units digit of 182216?
6
What is the thousands digit of 11350026?
0
What is the units digit of 2364280?
0
What is the ten millions digit of 20525997?
2
What is the ten thousands digit of 7194672?
9
What is the tens digit of 695975?
7
What is the units digit of 595348?
8
What is the ten thousands digit of 475401?
7
What is the ten thousands digit of 884466?
8
What is the hundred thousands digit of 208041?
2
What is the tens digit of 20919626?
2
What is the units digit of 155988?
8
What is the ten thousands digit of 757988?
5
What is the units digit of 169374?
4
What is the thousands digit of 135441?
5
What is the tens digit of 1014690?
9
What is the units digit of 2360027?
7
What is the hundred thousands digit of 444803?
4
What is the units digit of 1755707?
7
What is the ten thousands digit of 2243035?
4
What is the thousands digit of 13634087?
4
What is the units digit of 109305?
5
What is the ten thousands digit of 2052821?
5
What is the units digit of 170248?
8
What is the thousands digit of 423569?
3
What is the ten thousands digit of 8797354?
9
What is the thousands digit of 334370?
4
What is the ten thousands digit of 364224?
6
What is the units digit of 77590?
0
What is the hundreds digit of 45646?
6
What is the tens digit of 749932?
3
What is the thousands digit of 43951?
3
What is the ten thousands digit of 2443539?
4
What is the tens digit of 3204001?
0
What is the ten thousands digit of 696955?
9
What is the tens digit of 321566?
6
What is the millions digit of 2026521?
2
What is the tens digit of 424813?
1
What is the ten thousands digit of 9116785?
1
What is the units digit of 22065641?
1
What is the hundreds digit of 32848?
8
What is the ten millions digit of 11459344?
1
What is the ten thousands digit of 230253?
3
What is the hundred thousands digit of 3174819?
1
What is the units digit of 6909316?
6
What is the tens digit of 1887376?
7
What is the hundred thousands digit of 439003?
4
What is the thousands digit of 108671?
8
What is the tens digit of 879733?
3
What is the tens digit of 744399?
9
What is the hundred thousands digit of 3147452?
1
What is the hundreds digit of 4356220?
2
What is the units digit of 8152683?
3
What is the tens digit of 10741654?
5
What is the tens digit of 3860008?
0
What is the units digit of 272849?
9
What is the hundreds digit of 1457790?
7
What is the units digit of 458254?
4
What is the ten thousands digit of 4111339?
1
What is the hundreds digit of 5661396?
3
What is the thousands digit of 15683?
5
What is the thousands digit of 5581183?
1
What is the units digit of 345821?
1
What is the thousands digit of 741349?
1
What is the tens digit of 27962498?
9
What is the millions digit of 4376993?
4
What is the hundred thousands digit of 562975?
5
What is the hundreds digit of 2690226?
2
What is the thousands digit of 470879?
0
What is the ten thousands digit of 10208454?
0
What is the units digit of 382809?
9
What is the ten millions digit of 13283757?
1
What is the hundred thousands digit of 1233158?
2
What is the thousands digit of 19767091?
7
What is the tens digit of 926?
2
What is the hundreds digit of 22271502?
5
What is the units digit of 628383?
3
What is the thousands digit of 4596449?
6
What is the hundred thousands digit of 331975?
3
What is the thousands digit of 3539366?
9
What is the hundred thousands digit of 161802?
1
What is the thousands digit of 3196410?
6
What is the hundred thousands digit of 7033642?
0
What is the ten thousands digit of 475500?
7
What is the thousands digit of 1816724?
6
What is the hundred thousands digit of 7365381?
3
What is the hundred thousands digit of 16300702?
3
What is the hundreds digit of 7664825?
8
What is the ten millions digit of 25453103?
2
What is the tens digit of 12893957?
5
What is the tens digit of 43775?
7
What is the units digit of 933544?
4
What is the tens digit of 371609?
0
What is the tens digit of 4233393?
9
What is the hundreds digit of 149865?
8
What is the thousands digit of 630137?
0
What is the tens digit of 5260621?
2
What is the tens digit of 2326828?
2
What is the hundred thousands digit of 358690?
3
What is the hundreds digit of 959976?
9
What is the hundred thousands digit of 1277960?
2
What is the thousands digit of 18907797?
7
What is the units digit of 4087446?
6
What is the thousands digit of 167000?
7
What is the hundreds digit of 27699?
6
What is the units digit of 47401?
1
What is the ten thousands digit of 29709021?
0
What is the units digit of 3774545?
5
What is the thousands digit of 13574521?
4
What is the millions digit of 1145143?
1
What is the hundreds digit of 67967?
9
What is the hundred thousands digit of 670870?
6
What is the tens digit of 4273841?
4
What is the hundred thousands digit of 121244?
1
What is the tens digit of 2196197?
9
What is the units digit of 8111884?
4
What is the thousands digit of 375823?
5
What is the hundreds digit of 494695?
6
What is the hundreds digit of 904?
9
What is the thousands digit of 109636?
9
What is the units digit of 515873?
3
What is the ten thousands digit of 8608798?
0
What is the ten thousands digit of 13011326?
1
What is the thousands digit of 694535?
4
What is the thousands digit of 3787126?
7
What is the units digit of 786175?
5
What is the hundreds digit of 193211?
2
What is the thousands digit of 52116?
2
What is the hundred thousands digit of 10466555?
4
What is the hundreds digit of 71401?
4
What is the thousands digit of 281531?
1
What is the tens digit of 15575?
7
What is the hundreds digit of 57818?
8
What is the units digit of 268876?
6
What is the millions digit of 11548003?
1
What is the tens digit of 783536?
3
What is the units digit of 5329494?
4
What is the units digit of 135182?
2
What is the thousands digit of 8985895?
5
What is the hundred thousands digit of 803925?
8
What is the thousands digit of 2193560?
3
What is the ten thousands digit of 5244086?
4
What is the ten thousands digit of 3252893?
5
What is the hundred thousands digit of 563584?
5
What is the units digit of 477338?
8
What is the tens digit of 33461?
6
What is the units digit of 4031478?
8
What is the units digit of 918597?
7
What is the hundreds digit of 74673?
6
What is the units digit of 41005?
5
What is the millions digit of 1199162?
1
What is the millions digit of 3655390?
3
What is the ten thousands digit of 1099901?
9
What is the tens digit of 672912?
1
What is the units digit of 72489?
9
What is the thousands digit of 192280?
2
What is the tens digit of 436295?
9
What is the tens digit of 354825?
2
What is the tens digit of 1467119?
1
What is the millions digit of 37340551?
7
What is the hundreds digit of 98220?
2
What is the tens digit of 15415?
1
What is the tens digit of 10335937?
3
What is the units digit of 208648?
8
What is the millions digit of 18337310?
8
What is the millions digit of 4289939?
4
What is the units digit of 630235?
5
What is the thousands digit of 246553?
6
What is the tens digit of 723128?
2
What is the thousands digit of 2223637?
3
What is the ten thousands digit of 5592768?
9
What is the hundreds digit of 6700150?
1
What is the ten thousands digit of 69660?
6
What is the ten thousands digit of 651710?
5
What is the tens digit of 53488?
8
What is the thousands digit of 1191181?
1
What is the units digit of 230975?
5
